CRAN Package Check Results for Package extendedFamily

Last updated on 2021-06-19 23:49:18 CEST.

Flavor Version Tinstall Tcheck Ttotal Status Flags
r-devel-linux-x86_64-debian-clang 0.2.1 2.03 23.28 25.31 OK
r-devel-linux-x86_64-debian-gcc 0.2.1 1.61 18.70 20.31 OK
r-devel-linux-x86_64-fedora-clang 0.2.1 40.33 NOTE
r-devel-linux-x86_64-fedora-gcc 0.2.1 29.41 NOTE
r-devel-windows-x86_64 0.2.1 4.00 41.00 45.00 OK
r-devel-windows-x86_64-gcc10-UCRT 0.2.1 NOTE
r-patched-linux-x86_64 0.2.1 1.94 22.96 24.90 OK
r-patched-solaris-x86 0.2.1 47.20 NOTE
r-release-linux-x86_64 0.2.1 2.02 23.08 25.10 OK
r-release-macos-arm64 0.2.1 NOTE
r-release-macos-x86_64 0.2.1 NOTE
r-release-windows-ix86+x86_64 0.2.1 5.00 39.00 44.00 OK
r-oldrel-macos-x86_64 0.2.1 NOTE
r-oldrel-windows-ix86+x86_64 0.2.1 4.00 36.00 40.00 OK

Check Details

Version: 0.2.1
Check: dependencies in R code
Result: NOTE
    Namespace in Imports field not imported from: ‘numDeriv’
     All declared Imports should be used.
Flavors: r-devel-linux-x86_64-fedora-clang, r-devel-linux-x86_64-fedora-gcc, r-devel-windows-x86_64-gcc10-UCRT, r-patched-solaris-x86, r-release-macos-arm64, r-release-macos-x86_64, r-oldrel-macos-x86_64