CRAN Package Check Results for Package expDB

Last updated on 2024-07-14 20:50:56 CEST.

Flavor Version Tinstall Tcheck Ttotal Status Flags
r-devel-linux-x86_64-debian-clang 0.1.0 7.69 48.83 56.52 OK
r-devel-linux-x86_64-debian-gcc 0.1.0 5.17 35.44 40.61 OK
r-devel-linux-x86_64-fedora-clang 0.1.0 71.87 NOTE
r-devel-linux-x86_64-fedora-gcc 0.1.0 66.77 NOTE
r-devel-windows-x86_64 0.1.0 7.00 61.00 68.00 OK
r-patched-linux-x86_64 0.1.0 4.50 45.03 49.53 OK
r-release-linux-x86_64 0.1.0 3.87 45.98 49.85 OK
r-release-macos-arm64 0.1.0 23.00 OK
r-release-macos-x86_64 0.1.0 34.00 OK
r-release-windows-x86_64 0.1.0 7.00 62.00 69.00 OK
r-oldrel-macos-arm64 0.1.0 25.00 OK
r-oldrel-macos-x86_64 0.1.0 38.00 OK
r-oldrel-windows-x86_64 0.1.0 10.00 68.00 78.00 OK

Check Details

Version: 0.1.0
Check: dependencies in R code
Result: NOTE Namespace in Imports field not imported from: ‘tidyverse’ All declared Imports should be used. Flavors: r-devel-linux-x86_64-fedora-clang, r-devel-linux-x86_64-fedora-gcc