CRAN Package Check Results for Package exp2flux

Last updated on 2021-09-21 15:50:50 CEST.

Flavor Version Tinstall Tcheck Ttotal Status Flags
r-devel-linux-x86_64-debian-clang 0.1 24.73 215.24 239.97 NOTE
r-devel-linux-x86_64-debian-gcc 0.1 20.92 159.76 180.68 NOTE
r-devel-linux-x86_64-fedora-clang 0.1 290.53 NOTE
r-devel-linux-x86_64-fedora-gcc 0.1 278.87 NOTE
r-devel-windows-x86_64 0.1 26.00 174.00 200.00 NOTE
r-devel-windows-x86_64-gcc10-UCRT 0.1 ERROR
r-patched-linux-x86_64 0.1 23.25 198.65 221.90 NOTE
r-patched-solaris-x86 0.1 419.30 NOTE
r-release-linux-x86_64 0.1 24.07 199.62 223.69 NOTE
r-release-macos-arm64 0.1 ERROR
r-release-macos-x86_64 0.1 ERROR
r-release-windows-ix86+x86_64 0.1 56.00 169.00 225.00 NOTE
r-oldrel-macos-x86_64 0.1 ERROR
r-oldrel-windows-ix86+x86_64 0.1 51.00 163.00 214.00 OK

Check Details

Version: 0.1
Check: LazyData
Result: NOTE
     'LazyData' is specified without a 'data' directory
Flavors: r-devel-linux-x86_64-debian-clang, r-devel-linux-x86_64-debian-gcc, r-devel-linux-x86_64-fedora-clang, r-devel-linux-x86_64-fedora-gcc, r-devel-windows-x86_64, r-devel-windows-x86_64-gcc10-UCRT, r-patched-linux-x86_64, r-patched-solaris-x86, r-release-linux-x86_64, r-release-windows-ix86+x86_64

Version: 0.1
Check: whether package can be installed
Result: WARN
    Found the following significant warnings:
     WARNING: installation-time patches will not be applied, could not get the patches index
Flavor: r-devel-windows-x86_64-gcc10-UCRT

Version: 0.1
Check: PDF version of manual
Result: WARN
    LaTeX errors when creating PDF version.
    This typically indicates Rd problems.
Flavor: r-devel-windows-x86_64-gcc10-UCRT

Version: 0.1
Check: PDF version of manual without hyperrefs or index
Result: ERROR
    Re-running with no redirection of stdout/stderr.
Flavor: r-devel-windows-x86_64-gcc10-UCRT

Version: 0.1
Check: package dependencies
Result: ERROR
    Package required but not available: ‘gage’
    
    See section ‘The DESCRIPTION file’ in the ‘Writing R Extensions’
    manual.
Flavors: r-release-macos-arm64, r-release-macos-x86_64, r-oldrel-macos-x86_64