CRAN Package Check Results for Package excursions

Last updated on 2022-01-21 19:48:34 CET.

Flavor Version Tinstall Tcheck Ttotal Status Flags
r-devel-linux-x86_64-debian-clang 2.5.2 18.40 108.62 127.02 NOTE
r-devel-linux-x86_64-debian-gcc 2.5.2 14.24 82.85 97.09 NOTE
r-devel-linux-x86_64-fedora-clang 2.5.2 157.23 OK
r-devel-linux-x86_64-fedora-gcc 2.5.2 144.03 OK
r-devel-windows-x86_64-new-UL 2.5.2 128.00 138.00 266.00 NOTE
r-devel-windows-x86_64-new-TK 2.5.2 NOTE
r-patched-linux-x86_64 2.5.2 19.84 104.26 124.10 NOTE
r-release-linux-x86_64 2.5.2 17.34 103.73 121.07 NOTE
r-release-macos-arm64 2.5.2 NOTE
r-release-macos-x86_64 2.5.2 NOTE
r-release-windows-ix86+x86_64 2.5.2 50.00 160.00 210.00 OK
r-oldrel-macos-x86_64 2.5.2 NOTE
r-oldrel-windows-ix86+x86_64 2.5.2 51.00 156.00 207.00 OK

Check Details

Version: 2.5.2
Check: package dependencies
Result: NOTE
    Package suggested but not available for checking: 'INLA'
Flavors: r-devel-linux-x86_64-debian-clang, r-devel-linux-x86_64-debian-gcc, r-devel-windows-x86_64-new-UL, r-devel-windows-x86_64-new-TK, r-patched-linux-x86_64, r-release-linux-x86_64, r-release-macos-arm64, r-release-macos-x86_64, r-oldrel-macos-x86_64