CRAN Package Check Results for Package excessmort

Last updated on 2022-01-27 04:05:20 CET.

Flavor Version Tinstall Tcheck Ttotal Status Flags
r-devel-linux-x86_64-debian-clang 0.6.1 21.78 176.16 197.94 OK
r-devel-linux-x86_64-debian-gcc 0.6.1 19.62 129.48 149.10 OK
r-devel-linux-x86_64-fedora-clang 0.6.1 235.67 NOTE
r-devel-linux-x86_64-fedora-gcc 0.6.1 227.12 NOTE
r-devel-windows-x86_64-new-UL 0.6.1 79.00 189.00 268.00 OK
r-devel-windows-x86_64-new-TK 0.6.1 NOTE
r-patched-linux-x86_64 0.6.1 20.79 165.34 186.13 OK
r-release-linux-x86_64 0.6.1 20.88 162.79 183.67 OK
r-release-macos-arm64 0.6.1 NOTE
r-release-macos-x86_64 0.6.1 NOTE
r-release-windows-ix86+x86_64 0.6.1 35.00 198.00 233.00 OK
r-oldrel-macos-x86_64 0.6.1 NOTE
r-oldrel-windows-ix86+x86_64 0.6.1 37.00 187.00 224.00 OK

Check Details

Version: 0.6.1
Check: data for non-ASCII characters
Result: NOTE
     Note: found 342 marked UTF-8 strings
Flavors: r-devel-linux-x86_64-fedora-clang, r-devel-linux-x86_64-fedora-gcc, r-devel-windows-x86_64-new-TK, r-release-macos-arm64, r-release-macos-x86_64, r-oldrel-macos-x86_64