Last updated on 2022-06-28 19:54:59 CEST.
Flavor | Version | Tinstall | Tcheck | Ttotal | Status | Flags |
---|---|---|---|---|---|---|
r-devel-linux-x86_64-debian-clang | 1.4-2 | 4.85 | 43.87 | 48.72 | OK | |
r-devel-linux-x86_64-debian-gcc | 1.4-2 | 3.90 | 34.32 | 38.22 | OK | |
r-devel-linux-x86_64-fedora-clang | 1.4-2 | 72.68 | NOTE | |||
r-devel-linux-x86_64-fedora-gcc | 1.4-2 | 70.38 | OK | |||
r-devel-windows-x86_64 | 1.4-2 | 14.00 | 78.00 | 92.00 | OK | |
r-patched-linux-x86_64 | 1.4-2 | 10.29 | 43.80 | 54.09 | OK | |
r-release-linux-x86_64 | 1.4-2 | 4.66 | 42.54 | 47.20 | OK | |
r-release-macos-arm64 | 1.4-2 | 25.00 | OK | |||
r-release-macos-x86_64 | 1.4-2 | 47.00 | OK | |||
r-release-windows-x86_64 | 1.4-2 | 12.00 | 77.00 | 89.00 | OK | |
r-oldrel-macos-arm64 | 1.4-2 | 35.00 | OK | |||
r-oldrel-macos-x86_64 | 1.4-2 | 32.00 | OK | |||
r-oldrel-windows-ix86+x86_64 | 1.4-2 | 11.00 | 63.00 | 74.00 | OK |
Version: 1.4-2
Check: Rd cross-references
Result: NOTE
Undeclared package ‘exact2x2’ in Rd xrefs
Flavor: r-devel-linux-x86_64-fedora-clang