CRAN Package Check Results for Package evidence

Last updated on 2021-09-21 07:50:05 CEST.

Flavor Version Tinstall Tcheck Ttotal Status Flags
r-devel-linux-x86_64-debian-clang 0.8.10 23.36 206.34 229.70 OK
r-devel-linux-x86_64-debian-gcc 0.8.10 20.43 152.96 173.39 OK
r-devel-linux-x86_64-fedora-clang 0.8.10 275.14 OK
r-devel-linux-x86_64-fedora-gcc 0.8.10 266.47 OK
r-devel-windows-x86_64 0.8.10 28.00 185.00 213.00 OK
r-devel-windows-x86_64-gcc10-UCRT 0.8.10 ERROR
r-patched-linux-x86_64 0.8.10 22.03 193.92 215.95 OK
r-patched-solaris-x86 0.8.10 379.00 OK
r-release-linux-x86_64 0.8.10 23.65 193.96 217.61 OK
r-release-macos-arm64 0.8.10 OK
r-release-macos-x86_64 0.8.10 OK
r-release-windows-ix86+x86_64 0.8.10 58.00 180.00 238.00 OK
r-oldrel-macos-x86_64 0.8.10 OK
r-oldrel-windows-ix86+x86_64 0.8.10 63.00 194.00 257.00 OK

Check Details

Version: 0.8.10
Check: whether package can be installed
Result: WARN
    Found the following significant warnings:
     WARNING: installation-time patches will not be applied, could not get the patches index
Flavor: r-devel-windows-x86_64-gcc10-UCRT

Version: 0.8.10
Check: PDF version of manual
Result: WARN
    LaTeX errors when creating PDF version.
    This typically indicates Rd problems.
Flavor: r-devel-windows-x86_64-gcc10-UCRT

Version: 0.8.10
Check: PDF version of manual without hyperrefs or index
Result: ERROR
    Re-running with no redirection of stdout/stderr.
Flavor: r-devel-windows-x86_64-gcc10-UCRT