CRAN Package Check Results for Package eulerr

Last updated on 2021-06-21 07:48:42 CEST.

Flavor Version Tinstall Tcheck Ttotal Status Flags
r-devel-linux-x86_64-debian-clang 6.1.0 71.89 75.24 147.13 OK
r-devel-linux-x86_64-debian-gcc 6.1.0 50.75 56.84 107.59 OK
r-devel-linux-x86_64-fedora-clang 6.1.0 203.88 OK
r-devel-linux-x86_64-fedora-gcc 6.1.0 183.47 OK
r-devel-windows-x86_64 6.1.0 91.00 98.00 189.00 OK
r-devel-windows-x86_64-gcc10-UCRT 6.1.0 NOTE
r-patched-linux-x86_64 6.1.0 60.07 71.24 131.31 OK
r-patched-solaris-x86 6.1.0 199.00 OK
r-release-linux-x86_64 6.1.0 62.38 71.98 134.36 OK
r-release-macos-arm64 6.1.0 NOTE
r-release-macos-x86_64 6.1.0 NOTE
r-release-windows-ix86+x86_64 6.1.0 169.00 134.00 303.00 OK
r-oldrel-macos-x86_64 6.1.0 NOTE

Check Details

Version: 6.1.0
Check: package dependencies
Result: NOTE
    Package suggested but not available for checking: 'covr'
Flavor: r-devel-windows-x86_64-gcc10-UCRT

Version: 6.1.0
Check: installed package size
Result: NOTE
     installed size is 5.6Mb
     sub-directories of 1Mb or more:
     doc 1.1Mb
     libs 3.7Mb
Flavors: r-release-macos-arm64, r-release-macos-x86_64, r-oldrel-macos-x86_64