CRAN Package Check Results for Package esc

Last updated on 2024-05-18 08:57:44 CEST.

Flavor Version Tinstall Tcheck Ttotal Status Flags
r-devel-linux-x86_64-debian-clang 0.5.1 4.12 31.08 35.20 OK
r-devel-linux-x86_64-debian-gcc 0.5.1 2.84 23.98 26.82 OK
r-devel-linux-x86_64-fedora-clang 0.5.1 46.12 NOTE
r-devel-linux-x86_64-fedora-gcc 0.5.1 45.76 OK
r-devel-windows-x86_64 0.5.1 4.00 48.00 52.00 OK
r-patched-linux-x86_64 0.5.1 5.44 30.63 36.07 OK
r-release-linux-x86_64 0.5.1 3.54 30.02 33.56 OK
r-release-macos-arm64 0.5.1 16.00 OK
r-release-windows-x86_64 0.5.1 4.00 47.00 51.00 OK
r-oldrel-macos-arm64 0.5.1 19.00 OK
r-oldrel-macos-x86_64 0.5.1 23.00 OK
r-oldrel-windows-x86_64 0.5.1 4.00 51.00 55.00 OK

Check Details

Version: 0.5.1
Check: Rd cross-references
Result: NOTE Undeclared package ‘metafor’ in Rd xrefs Flavor: r-devel-linux-x86_64-fedora-clang