CRAN Package Check Results for Package esaBcv

Last updated on 2022-01-20 11:50:55 CET.

Flavor Version Tinstall Tcheck Ttotal Status Flags
r-devel-linux-x86_64-debian-clang 1.2.1 NOTE
r-devel-linux-x86_64-debian-gcc 1.2.1 2.04 28.42 30.46 NOTE
r-devel-linux-x86_64-fedora-clang 1.2.1 48.80 NOTE
r-devel-linux-x86_64-fedora-gcc 1.2.1 37.50 NOTE
r-devel-windows-x86_64-new-UL 1.2.1 20.00 70.00 90.00 NOTE
r-devel-windows-x86_64-new-TK 1.2.1 NOTE
r-patched-linux-x86_64 1.2.1 1.90 34.96 36.86 NOTE
r-release-linux-x86_64 1.2.1 1.85 35.06 36.91 NOTE
r-release-macos-arm64 1.2.1 NOTE
r-release-macos-x86_64 1.2.1 NOTE
r-release-windows-ix86+x86_64 1.2.1 8.00 48.00 56.00 NOTE
r-oldrel-macos-x86_64 1.2.1 NOTE
r-oldrel-windows-ix86+x86_64 1.2.1 7.00 49.00 56.00 NOTE

Check Details

Version: 1.2.1
Check: R code for possible problems
Result: NOTE
    ESA: no visible binding for global variable 'var'
    plot.esabcv: no visible global function definition for 'points'
    plot.esabcv: no visible global function definition for 'axis'
    plot.esabcv: no visible global function definition for 'title'
    Undefined global functions or variables:
     axis points title var
    Consider adding
     importFrom("graphics", "axis", "points", "title")
     importFrom("stats", "var")
    to your NAMESPACE file.
Flavors: r-devel-linux-x86_64-debian-clang, r-devel-linux-x86_64-debian-gcc, r-devel-linux-x86_64-fedora-clang, r-devel-linux-x86_64-fedora-gcc, r-devel-windows-x86_64-new-UL, r-devel-windows-x86_64-new-TK, r-patched-linux-x86_64, r-release-linux-x86_64, r-release-macos-arm64, r-release-macos-x86_64, r-release-windows-ix86+x86_64, r-oldrel-macos-x86_64, r-oldrel-windows-ix86+x86_64