CRAN Package Check Results for Package erratum

Last updated on 2022-05-23 11:50:02 CEST.

Flavor Version Tinstall Tcheck Ttotal Status Flags
r-devel-linux-x86_64-debian-clang 2.2.0 4.56 38.88 43.44 OK
r-devel-linux-x86_64-debian-gcc 2.2.0 3.75 30.69 34.44 OK
r-devel-linux-x86_64-fedora-clang 2.2.0 56.38 NOTE
r-devel-linux-x86_64-fedora-gcc 2.2.0 53.44 NOTE
r-devel-windows-x86_64 2.2.0 18.00 55.00 73.00 OK
r-patched-linux-x86_64 2.2.0 5.43 38.04 43.47 OK
r-release-linux-x86_64 2.2.0 OK
r-release-macos-arm64 2.2.0 17.00 NOTE
r-release-macos-x86_64 2.2.0 26.00 NOTE
r-release-windows-x86_64 2.2.0 19.00 56.00 75.00 OK
r-oldrel-macos-arm64 2.2.0 17.00 NOTE
r-oldrel-macos-x86_64 2.2.0 28.00 NOTE
r-oldrel-windows-ix86+x86_64 2.2.0 10.00 45.00 55.00 OK

Check Details

Version: 2.2.0
Check: dependencies in R code
Result: NOTE
    Namespace in Imports field not imported from: ‘R6’
     All declared Imports should be used.
Flavors: r-devel-linux-x86_64-fedora-clang, r-devel-linux-x86_64-fedora-gcc, r-release-macos-arm64, r-release-macos-x86_64, r-oldrel-macos-arm64, r-oldrel-macos-x86_64