CRAN Package Check Results for Package eqs2lavaan

Last updated on 2021-06-12 23:49:06 CEST.

Flavor Version Tinstall Tcheck Ttotal Status Flags
r-devel-linux-x86_64-debian-clang 3.0 3.81 32.47 36.28 NOTE
r-devel-linux-x86_64-debian-gcc 3.0 2.56 25.99 28.55 NOTE
r-devel-linux-x86_64-fedora-clang 3.0 53.19 NOTE
r-devel-linux-x86_64-fedora-gcc 3.0 41.73 NOTE
r-devel-windows-x86_64 3.0 6.00 56.00 62.00 NOTE
r-devel-windows-x86_64-gcc10-UCRT 3.0 NOTE
r-patched-linux-x86_64 3.0 5.43 31.88 37.31 NOTE
r-patched-solaris-x86 3.0 67.20 NOTE
r-release-linux-x86_64 3.0 3.82 31.94 35.76 NOTE
r-release-macos-arm64 3.0 NOTE
r-release-macos-x86_64 3.0 NOTE
r-release-windows-ix86+x86_64 3.0 7.00 54.00 61.00 NOTE
r-oldrel-macos-x86_64 3.0 NOTE
r-oldrel-windows-ix86+x86_64 3.0 5.00 48.00 53.00 NOTE

Check Details

Version: 3.0
Check: R code for possible problems
Result: NOTE
    eqs2lavaan: no visible global function definition for 'ignore.case'
    eqs2lavaan: no visible global function definition for 'str_join'
    eqs2lavaan: no visible binding for global variable 'r'
    eqsCorr: no visible global function definition for 'cov2cor'
    plotCov: no visible global function definition for 'cov2cor'
    plotCov: no visible global function definition for 'par'
    plotCov: no visible global function definition for 'image'
    plotCov: no visible global function definition for 'axis'
    Undefined global functions or variables:
     axis cov2cor ignore.case image par r str_join
    Consider adding
     importFrom("graphics", "axis", "image", "par")
     importFrom("stats", "cov2cor")
    to your NAMESPACE file.
Flavors: r-devel-linux-x86_64-debian-clang, r-devel-linux-x86_64-debian-gcc, r-devel-linux-x86_64-fedora-clang, r-devel-linux-x86_64-fedora-gcc, r-devel-windows-x86_64, r-devel-windows-x86_64-gcc10-UCRT, r-patched-linux-x86_64, r-patched-solaris-x86, r-release-linux-x86_64, r-release-macos-arm64, r-release-macos-x86_64, r-release-windows-ix86+x86_64, r-oldrel-macos-x86_64, r-oldrel-windows-ix86+x86_64