Last updated on 2021-02-28 19:47:59 CET.
Flavor | Version | Tinstall | Tcheck | Ttotal | Status | Flags |
---|---|---|---|---|---|---|
r-devel-linux-x86_64-debian-clang | 0.1.24 | NOTE | ||||
r-devel-linux-x86_64-debian-gcc | 0.1.24 | 13.33 | 82.77 | 96.10 | NOTE | |
r-devel-linux-x86_64-fedora-clang | 0.1.24 | 161.39 | NOTE | |||
r-devel-linux-x86_64-fedora-gcc | 0.1.24 | 145.99 | NOTE | |||
r-devel-windows-ix86+x86_64 | 0.1.24 | 22.00 | 124.00 | 146.00 | OK | |
r-patched-linux-x86_64 | 0.1.24 | 12.21 | 102.60 | 114.81 | NOTE | |
r-patched-solaris-x86 | 0.1.24 | 187.90 | NOTE | |||
r-release-linux-x86_64 | 0.1.24 | 14.53 | 103.89 | 118.42 | NOTE | |
r-release-macos-x86_64 | 0.1.24 | NOTE | ||||
r-release-windows-ix86+x86_64 | 0.1.24 | 32.00 | 161.00 | 193.00 | OK | |
r-oldrel-macos-x86_64 | 0.1.24 | NOTE | ||||
r-oldrel-windows-ix86+x86_64 | 0.1.24 | 19.00 | 154.00 | 173.00 | OK |
Version: 0.1.24
Check: package dependencies
Result: NOTE
Package suggested but not available for checking: 'taskscheduleR'
Flavors: r-devel-linux-x86_64-debian-clang, r-devel-linux-x86_64-debian-gcc, r-devel-linux-x86_64-fedora-gcc, r-patched-linux-x86_64, r-patched-solaris-x86, r-release-linux-x86_64, r-release-macos-x86_64, r-oldrel-macos-x86_64
Version: 0.1.24
Check: package dependencies
Result: NOTE
Package suggested but not available for checking: ‘taskscheduleR’
Imports includes 26 non-default packages.
Importing from so many packages makes the package vulnerable to any of
them becoming unavailable. Move as many as possible to Suggests and
use conditionally.
Flavor: r-devel-linux-x86_64-fedora-clang
Version: 0.1.24
Check: dependencies in R code
Result: NOTE
Namespaces in Imports field not imported from:
‘httpuv’ ‘plyr’ ‘rgdal’ ‘rgeos’ ‘tidyverse’ ‘tokenizers’
All declared Imports should be used.
Flavors: r-devel-linux-x86_64-fedora-clang, r-devel-linux-x86_64-fedora-gcc, r-patched-solaris-x86, r-release-macos-x86_64, r-oldrel-macos-x86_64