CRAN Package Check Results for Package epikit

Last updated on 2021-03-02 15:48:00 CET.

Flavor Version Tinstall Tcheck Ttotal Status Flags
r-devel-linux-x86_64-debian-clang 0.1.2 NOTE
r-devel-linux-x86_64-debian-gcc 0.1.2 1.94 26.32 28.26 NOTE
r-devel-linux-x86_64-fedora-clang 0.1.2 54.63 NOTE
r-devel-linux-x86_64-fedora-gcc 0.1.2 43.74 NOTE
r-devel-windows-ix86+x86_64 0.1.2 5.00 38.00 43.00 NOTE
r-patched-linux-x86_64 0.1.2 2.53 32.92 35.45 NOTE
r-patched-solaris-x86 0.1.2 64.30 NOTE
r-release-linux-x86_64 0.1.2 2.35 33.17 35.52 NOTE
r-release-macos-x86_64 0.1.2 NOTE
r-release-windows-ix86+x86_64 0.1.2 8.00 55.00 63.00 NOTE
r-oldrel-macos-x86_64 0.1.2 NOTE
r-oldrel-windows-ix86+x86_64 0.1.2 3.00 48.00 51.00 NOTE

Check Details

Version: 0.1.2
Check: package dependencies
Result: NOTE
    Package suggested but not available for checking: 'epidict'
Flavors: r-devel-linux-x86_64-debian-clang, r-devel-linux-x86_64-debian-gcc, r-devel-linux-x86_64-fedora-clang, r-devel-linux-x86_64-fedora-gcc, r-devel-windows-ix86+x86_64, r-patched-linux-x86_64, r-patched-solaris-x86, r-release-linux-x86_64, r-release-macos-x86_64, r-release-windows-ix86+x86_64, r-oldrel-macos-x86_64, r-oldrel-windows-ix86+x86_64