CRAN Package Check Results for Package epifitter

Last updated on 2024-06-16 00:58:19 CEST.

Flavor Version Tinstall Tcheck Ttotal Status Flags
r-devel-linux-x86_64-debian-clang 0.3.0 4.03 76.70 80.73 OK
r-devel-linux-x86_64-debian-gcc 0.3.0 2.98 57.02 60.00 OK
r-devel-linux-x86_64-fedora-clang 0.3.0 102.51 NOTE
r-devel-linux-x86_64-fedora-gcc 0.3.0 108.76 NOTE
r-devel-windows-x86_64 0.3.0 4.00 80.00 84.00 OK
r-patched-linux-x86_64 0.3.0 3.52 73.26 76.78 OK
r-release-linux-x86_64 0.3.0 2.79 74.01 76.80 OK
r-release-macos-arm64 0.3.0 38.00 OK
r-release-macos-x86_64 0.3.0 58.00 OK
r-release-windows-x86_64 0.3.0 5.00 84.00 89.00 OK
r-oldrel-macos-arm64 0.3.0 36.00 OK
r-oldrel-macos-x86_64 0.3.0 56.00 OK
r-oldrel-windows-x86_64 0.3.0 6.00 92.00 98.00 OK

Check Details

Version: 0.3.0
Check: dependencies in R code
Result: NOTE Namespace in Imports field not imported from: ‘knitr’ All declared Imports should be used. Flavors: r-devel-linux-x86_64-fedora-clang, r-devel-linux-x86_64-fedora-gcc