CRAN Package Check Results for Package epidata

Last updated on 2021-03-07 19:48:54 CET.

Flavor Version Tinstall Tcheck Ttotal Status Flags
r-devel-linux-x86_64-debian-clang 0.4.0 5.80 54.94 60.74 OK
r-devel-linux-x86_64-debian-gcc 0.4.0 4.44 40.37 44.81 OK
r-devel-linux-x86_64-fedora-clang 0.4.0 79.64 NOTE
r-devel-linux-x86_64-fedora-gcc 0.4.0 68.12 NOTE
r-devel-windows-ix86+x86_64 0.4.0 12.00 92.00 104.00 OK
r-devel-windows-x86_64-gcc10-UCRT 0.4.0 NOTE
r-patched-linux-x86_64 0.4.0 4.88 50.51 55.39 OK
r-patched-solaris-x86 0.4.0 98.10 NOTE
r-release-linux-x86_64 0.4.0 5.85 51.60 57.45 OK
r-release-macos-x86_64 0.4.0 NOTE
r-release-windows-ix86+x86_64 0.4.0 10.00 73.00 83.00 OK
r-oldrel-macos-x86_64 0.4.0 NOTE
r-oldrel-windows-ix86+x86_64 0.4.0 8.00 70.00 78.00 OK

Check Details

Version: 0.4.0
Check: dependencies in R code
Result: NOTE
    Namespace in Imports field not imported from: ‘tinytest’
     All declared Imports should be used.
Flavors: r-devel-linux-x86_64-fedora-clang, r-devel-linux-x86_64-fedora-gcc, r-devel-windows-x86_64-gcc10-UCRT, r-patched-solaris-x86, r-release-macos-x86_64, r-oldrel-macos-x86_64