CRAN Package Check Results for Package ensembleTax

Last updated on 2021-06-19 23:49:17 CEST.

Flavor Version Tinstall Tcheck Ttotal Status Flags
r-devel-linux-x86_64-debian-clang 1.1.1 5.76 57.04 62.80 OK
r-devel-linux-x86_64-debian-gcc 1.1.1 4.78 43.48 48.26 OK
r-devel-linux-x86_64-fedora-clang 1.1.1 84.17 NOTE
r-devel-linux-x86_64-fedora-gcc 1.1.1 74.82 NOTE
r-devel-windows-x86_64 1.1.1 11.00 81.00 92.00 OK
r-devel-windows-x86_64-gcc10-UCRT 1.1.1 NOTE
r-patched-linux-x86_64 1.1.1 5.18 54.92 60.10 OK
r-patched-solaris-x86 1.1.1 109.90 NOTE
r-release-linux-x86_64 1.1.1 4.53 55.39 59.92 OK
r-release-macos-arm64 1.1.1 ERROR
r-release-macos-x86_64 1.1.1 ERROR
r-release-windows-ix86+x86_64 1.1.1 12.00 74.00 86.00 OK
r-oldrel-macos-x86_64 1.1.1 ERROR
r-oldrel-windows-ix86+x86_64 1.1.1 9.00 74.00 83.00 OK

Check Details

Version: 1.1.1
Check: dependencies in R code
Result: NOTE
    Namespaces in Imports field not imported from:
     ‘Biostrings’ ‘DECIPHER’ ‘ggplot2’ ‘reshape2’ ‘usethis’
     All declared Imports should be used.
Flavors: r-devel-linux-x86_64-fedora-clang, r-devel-linux-x86_64-fedora-gcc, r-devel-windows-x86_64-gcc10-UCRT, r-patched-solaris-x86

Version: 1.1.1
Check: package dependencies
Result: ERROR
    Package required but not available: ‘DECIPHER’
    
    See section ‘The DESCRIPTION file’ in the ‘Writing R Extensions’
    manual.
Flavors: r-release-macos-arm64, r-release-macos-x86_64, r-oldrel-macos-x86_64