CRAN Package Check Results for Package enerscape

Last updated on 2021-06-19 23:49:17 CEST.

Flavor Version Tinstall Tcheck Ttotal Status Flags
r-devel-linux-x86_64-debian-clang 0.1.1 2.26 44.02 46.28 OK
r-devel-linux-x86_64-debian-gcc 0.1.1 2.03 32.86 34.89 OK
r-devel-linux-x86_64-fedora-clang 0.1.1 62.65 NOTE
r-devel-linux-x86_64-fedora-gcc 0.1.1 52.97 NOTE
r-devel-windows-x86_64 0.1.1 4.00 63.00 67.00 OK
r-devel-windows-x86_64-gcc10-UCRT 0.1.1 NOTE
r-patched-linux-x86_64 0.1.1 2.41 40.73 43.14 OK
r-patched-solaris-x86 0.1.1 79.30 NOTE
r-release-linux-x86_64 0.1.1 2.16 41.63 43.79 OK
r-release-macos-arm64 0.1.1 NOTE
r-release-macos-x86_64 0.1.1 NOTE
r-release-windows-ix86+x86_64 0.1.1 6.00 57.00 63.00 OK
r-oldrel-macos-x86_64 0.1.1 NOTE
r-oldrel-windows-ix86+x86_64 0.1.1 4.00 61.00 65.00 OK

Check Details

Version: 0.1.1
Check: dependencies in R code
Result: NOTE
    Namespaces in Imports field not imported from:
     ‘rgdal’ ‘rgeos’
     All declared Imports should be used.
Flavors: r-devel-linux-x86_64-fedora-clang, r-devel-linux-x86_64-fedora-gcc, r-devel-windows-x86_64-gcc10-UCRT, r-patched-solaris-x86, r-release-macos-arm64, r-release-macos-x86_64, r-oldrel-macos-x86_64