Last updated on 2022-05-23 23:50:02 CEST.
Flavor | Version | Tinstall | Tcheck | Ttotal | Status | Flags |
---|---|---|---|---|---|---|
r-devel-linux-x86_64-debian-clang | 0.2.0 | 2.19 | 39.84 | 42.03 | OK | |
r-devel-linux-x86_64-debian-gcc | 0.2.0 | 2.43 | 30.36 | 32.79 | OK | |
r-devel-linux-x86_64-fedora-clang | 0.2.0 | 51.33 | NOTE | |||
r-devel-linux-x86_64-fedora-gcc | 0.2.0 | 49.45 | NOTE | |||
r-devel-windows-x86_64 | 0.2.0 | 21.00 | 58.00 | 79.00 | OK | |
r-patched-linux-x86_64 | 0.2.0 | 3.22 | 38.14 | 41.36 | OK | |
r-release-linux-x86_64 | 0.2.0 | OK | ||||
r-release-macos-arm64 | 0.2.0 | 17.00 | NOTE | |||
r-release-macos-x86_64 | 0.2.0 | 27.00 | NOTE | |||
r-release-windows-x86_64 | 0.2.0 | 20.00 | 58.00 | 78.00 | OK | |
r-oldrel-macos-arm64 | 0.2.0 | 18.00 | NOTE | |||
r-oldrel-macos-x86_64 | 0.2.0 | 26.00 | NOTE | |||
r-oldrel-windows-ix86+x86_64 | 0.2.0 | 8.00 | 51.00 | 59.00 | OK |
Version: 0.2.0
Check: data for non-ASCII characters
Result: NOTE
Note: found 9451 marked UTF-8 strings
Flavors: r-devel-linux-x86_64-fedora-clang, r-devel-linux-x86_64-fedora-gcc, r-release-macos-arm64, r-release-macos-x86_64, r-oldrel-macos-arm64, r-oldrel-macos-x86_64