CRAN Package Check Results for Package emhawkes

Last updated on 2021-06-20 03:48:23 CEST.

Flavor Version Tinstall Tcheck Ttotal Status Flags
r-devel-linux-x86_64-debian-clang 0.9.5 5.94 282.31 288.25 NOTE
r-devel-linux-x86_64-debian-gcc 0.9.5 4.78 185.31 190.09 NOTE
r-devel-linux-x86_64-fedora-clang 0.9.5 330.53 NOTE
r-devel-linux-x86_64-fedora-gcc 0.9.5 318.08 NOTE
r-devel-windows-x86_64 0.9.5 9.00 243.00 252.00 NOTE
r-devel-windows-x86_64-gcc10-UCRT 0.9.5 NOTE
r-patched-linux-x86_64 0.9.5 5.09 258.65 263.74 NOTE
r-patched-solaris-x86 0.9.5 444.70 NOTE
r-release-linux-x86_64 0.9.5 5.79 256.96 262.75 NOTE
r-release-macos-arm64 0.9.5 NOTE
r-release-macos-x86_64 0.9.5 NOTE
r-release-windows-ix86+x86_64 0.9.5 11.00 300.00 311.00 NOTE
r-oldrel-macos-x86_64 0.9.5 OK
r-oldrel-windows-ix86+x86_64 0.9.5 9.00 294.00 303.00 OK

Check Details

Version: 0.9.5
Check: LazyData
Result: NOTE
     'LazyData' is specified without a 'data' directory
Flavors: r-devel-linux-x86_64-debian-clang, r-devel-linux-x86_64-debian-gcc, r-devel-linux-x86_64-fedora-clang, r-devel-linux-x86_64-fedora-gcc, r-devel-windows-x86_64, r-devel-windows-x86_64-gcc10-UCRT, r-patched-linux-x86_64, r-patched-solaris-x86, r-release-linux-x86_64, r-release-macos-arm64, r-release-macos-x86_64, r-release-windows-ix86+x86_64