CRAN Package Check Results for Package embryogrowth

Last updated on 2023-05-29 11:56:53 CEST.

Flavor Version Tinstall Tcheck Ttotal Status Flags
r-devel-linux-x86_64-debian-clang 8.7 24.68 154.59 179.27 OK
r-devel-linux-x86_64-debian-gcc 8.7 20.59 117.36 137.95 OK
r-devel-linux-x86_64-fedora-clang 8.7 223.60 NOTE
r-devel-linux-x86_64-fedora-gcc 8.7 208.92 NOTE
r-devel-windows-x86_64 8.7 26.00 151.00 177.00 OK
r-patched-linux-x86_64 8.7 22.41 145.93 168.34 OK
r-release-linux-x86_64 8.7 25.60 147.18 172.78 OK
r-release-macos-arm64 8.7 101.00 OK
r-release-macos-x86_64 8.7 138.00 NOTE
r-release-windows-x86_64 8.7 29.00 179.00 208.00 OK
r-oldrel-macos-arm64 8.7 108.00 NOTE
r-oldrel-macos-x86_64 8.7 137.00 NOTE
r-oldrel-windows-x86_64 8.7 29.00 161.00 190.00 OK

Check Details

Version: 8.7
Check: data for non-ASCII characters
Result: NOTE
     Note: found 155 marked UTF-8 strings
Flavors: r-devel-linux-x86_64-fedora-clang, r-devel-linux-x86_64-fedora-gcc, r-oldrel-macos-arm64, r-oldrel-macos-x86_64

Version: 8.7
Check: package dependencies
Result: NOTE
    Package suggested but not available for checking: ‘car’
Flavor: r-release-macos-x86_64