Last updated on 2022-05-24 23:53:06 CEST.
Flavor | Version | Tinstall | Tcheck | Ttotal | Status | Flags |
---|---|---|---|---|---|---|
r-devel-linux-x86_64-debian-clang | 1.1-28 | 38.00 | 285.68 | 323.68 | OK | |
r-devel-linux-x86_64-debian-gcc | 1.1-28 | 32.76 | 214.83 | 247.59 | OK | |
r-devel-linux-x86_64-fedora-clang | 1.1-28 | 379.25 | NOTE | |||
r-devel-linux-x86_64-fedora-gcc | 1.1-28 | 380.94 | NOTE | |||
r-devel-windows-x86_64 | 1.1-28 | 54.00 | 283.00 | 337.00 | OK | |
r-patched-linux-x86_64 | 1.1-28 | 35.54 | 275.65 | 311.19 | OK | |
r-release-linux-x86_64 | 1.1-28 | OK | ||||
r-release-macos-arm64 | 1.1-28 | 86.00 | OK | |||
r-release-macos-x86_64 | 1.1-28 | 120.00 | OK | |||
r-release-windows-x86_64 | 1.1-28 | 63.00 | 274.00 | 337.00 | OK | |
r-oldrel-macos-arm64 | 1.1-28 | 53.00 | OK | |||
r-oldrel-macos-x86_64 | 1.1-28 | 99.00 | OK | |||
r-oldrel-windows-ix86+x86_64 | 1.1-28 | 89.00 | 363.00 | 452.00 | OK |
Version: 1.1-28
Check: compiled code
Result: NOTE
File ‘elsa/libs/elsa.so’:
Found no calls to: ‘R_registerRoutines’, ‘R_useDynamicSymbols’
It is good practice to register native routines and to disable symbol
search.
See ‘Writing portable packages’ in the ‘Writing R Extensions’ manual.
Flavors: r-devel-linux-x86_64-fedora-clang, r-devel-linux-x86_64-fedora-gcc