Last updated on 2021-01-23 11:48:11 CET.
Flavor | Version | Tinstall | Tcheck | Ttotal | Status | Flags |
---|---|---|---|---|---|---|
r-devel-linux-x86_64-debian-clang | 1.1.0 | 7.54 | 48.13 | 55.67 | OK | |
r-devel-linux-x86_64-debian-gcc | 1.1.0 | 5.88 | 37.18 | 43.06 | OK | |
r-devel-linux-x86_64-fedora-clang | 1.1.0 | 74.06 | OK | |||
r-devel-linux-x86_64-fedora-gcc | 1.1.0 | 66.63 | OK | |||
r-devel-windows-ix86+x86_64 | 1.1.0 | 13.00 | 65.00 | 78.00 | OK | |
r-patched-linux-x86_64 | 1.1.0 | 6.93 | 45.73 | 52.66 | OK | |
r-patched-solaris-x86 | 1.1.0 | 88.90 | NOTE | |||
r-release-linux-x86_64 | 1.1.0 | 7.55 | 45.93 | 53.48 | OK | |
r-release-macos-x86_64 | 1.1.0 | OK | ||||
r-release-windows-ix86+x86_64 | 1.1.0 | 23.00 | 64.00 | 87.00 | OK | |
r-oldrel-macos-x86_64 | 1.1.0 | OK | ||||
r-oldrel-windows-ix86+x86_64 | 1.1.0 | 10.00 | 65.00 | 75.00 | OK |
Version: 1.1.0
Check: installed package size
Result: NOTE
installed size is 5.0Mb
sub-directories of 1Mb or more:
examples 4.2Mb
Flavor: r-patched-solaris-x86