CRAN Package Check Results for Package eirm

Last updated on 2021-05-07 11:49:27 CEST.

Flavor Version Tinstall Tcheck Ttotal Status Flags
r-devel-linux-x86_64-debian-clang 0.3 8.36 96.18 104.54 OK
r-devel-linux-x86_64-debian-gcc 0.3 8.41 72.13 80.54 OK
r-devel-linux-x86_64-fedora-clang 0.3 139.05 NOTE
r-devel-linux-x86_64-fedora-gcc 0.3 127.86 OK
r-devel-windows-ix86+x86_64 0.3 24.00 125.00 149.00 OK
r-devel-windows-x86_64-gcc10-UCRT 0.3 OK
r-patched-linux-x86_64 0.3 6.47 91.68 98.15 OK
r-patched-solaris-x86 0.3 202.80 OK
r-release-linux-x86_64 0.3 8.62 88.62 97.24 OK
r-release-macos-x86_64 0.3 OK
r-release-windows-ix86+x86_64 0.3 17.00 96.00 113.00 OK
r-oldrel-macos-x86_64 0.3 OK
r-oldrel-windows-ix86+x86_64 0.3 20.00 109.00 129.00 OK

Check Details

Version: 0.3
Check: Rd cross-references
Result: NOTE
    Undeclared package ‘eRm’ in Rd xrefs
Flavor: r-devel-linux-x86_64-fedora-clang