CRAN Package Check Results for Package eimpute

Last updated on 2022-05-24 23:53:06 CEST.

Flavor Version Tinstall Tcheck Ttotal Status Flags
r-devel-linux-x86_64-debian-clang 0.2.1 131.49 40.37 171.86 OK
r-devel-linux-x86_64-debian-gcc 0.2.1 123.55 35.81 159.36 OK
r-devel-linux-x86_64-fedora-clang 0.2.1 255.03 NOTE
r-devel-linux-x86_64-fedora-gcc 0.2.1 249.89 OK
r-devel-windows-x86_64 0.2.1 118.00 101.00 219.00 OK
r-patched-linux-x86_64 0.2.1 131.97 45.89 177.86 OK
r-release-linux-x86_64 0.2.1 OK
r-release-macos-arm64 0.2.1 65.00 NOTE
r-release-macos-x86_64 0.2.1 91.00 NOTE
r-release-windows-x86_64 0.2.1 136.00 87.00 223.00 OK
r-oldrel-macos-arm64 0.2.1 71.00 NOTE
r-oldrel-macos-x86_64 0.2.1 79.00 NOTE
r-oldrel-windows-ix86+x86_64 0.2.1 286.00 87.00 373.00 OK

Check Details

Version: 0.2.1
Check: installed package size
Result: NOTE
     installed size is 40.0Mb
     sub-directories of 1Mb or more:
     libs 39.0Mb
Flavors: r-devel-linux-x86_64-fedora-clang, r-release-macos-arm64, r-release-macos-x86_64, r-oldrel-macos-arm64, r-oldrel-macos-x86_64