CRAN Package Check Results for Package ei

Last updated on 2021-02-25 19:46:33 CET.

Flavor Version Tinstall Tcheck Ttotal Status Flags
r-devel-linux-x86_64-debian-clang 1.3-3 15.13 130.99 146.12 OK
r-devel-linux-x86_64-debian-gcc 1.3-3 12.18 96.28 108.46 OK
r-devel-linux-x86_64-fedora-clang 1.3-3 190.38 OK
r-devel-linux-x86_64-fedora-gcc 1.3-3 171.05 OK
r-devel-windows-ix86+x86_64 1.3-3 22.00 106.00 128.00 OK
r-patched-linux-x86_64 1.3-3 14.58 120.94 135.52 OK
r-patched-solaris-x86 1.3-3 233.10 OK
r-release-linux-x86_64 1.3-3 14.62 121.69 136.31 OK
r-release-macos-x86_64 1.3-3 OK
r-release-windows-ix86+x86_64 1.3-3 32.00 154.00 186.00 OK
r-oldrel-macos-x86_64 1.3-3 FAIL
r-oldrel-windows-ix86+x86_64 1.3-3 18.00 138.00 156.00 OK

Check Details

Version: 1.3-3
Check: dependencies in R code
Result: FAIL
Flavor: r-oldrel-macos-x86_64