CRAN Package Check Results for Package educineq

Last updated on 2021-04-20 19:53:14 CEST.

Flavor Version Tinstall Tcheck Ttotal Status Flags
r-devel-linux-x86_64-debian-clang 0.1.0 11.26 98.11 109.37 OK
r-devel-linux-x86_64-debian-gcc 0.1.0 9.30 73.92 83.22 OK
r-devel-linux-x86_64-fedora-clang 0.1.0 139.64 OK
r-devel-linux-x86_64-fedora-gcc 0.1.0 125.63 OK
r-devel-windows-ix86+x86_64 0.1.0 17.00 90.00 107.00 OK
r-devel-windows-x86_64-gcc10-UCRT 0.1.0 OK
r-patched-linux-x86_64 0.1.0 11.75 88.98 100.73 WARN
r-patched-solaris-x86 0.1.0 180.80 OK
r-release-linux-x86_64 0.1.0 10.17 89.22 99.39 OK
r-release-macos-x86_64 0.1.0 OK
r-release-windows-ix86+x86_64 0.1.0 25.00 125.00 150.00 OK
r-oldrel-macos-x86_64 0.1.0 OK
r-oldrel-windows-ix86+x86_64 0.1.0 23.00 104.00 127.00 OK

Check Details

Version: 0.1.0
Check: whether package can be installed
Result: WARN
    Found the following significant warnings:
     Rd warning: /tmp/RtmpWOAPYA/R.INSTALL306d1ac9eec8/educineq/man/egini.Rd:76: file link ‘Gini’ in package ‘ineq’ does not exist and so has been treated as a topic
Flavor: r-patched-linux-x86_64