CRAN Package Check Results for Package editbl

Last updated on 2024-06-14 05:00:15 CEST.

Flavor Version Tinstall Tcheck Ttotal Status Flags
r-devel-linux-x86_64-debian-clang 1.0.5 9.17 93.29 102.46 OK
r-devel-linux-x86_64-debian-gcc 1.0.5 0.45 1.92 2.37 ERROR
r-devel-linux-x86_64-fedora-clang 1.0.5 128.70 NOTE
r-devel-linux-x86_64-fedora-gcc 1.0.5 132.87 OK
r-devel-windows-x86_64 1.0.5 9.00 95.00 104.00 OK
r-patched-linux-x86_64 1.0.5 10.17 90.53 100.70 OK
r-release-linux-x86_64 1.0.5 7.66 90.70 98.36 OK
r-release-macos-arm64 1.0.5 48.00 OK
r-release-macos-x86_64 1.0.5 69.00 OK
r-release-windows-x86_64 1.0.5 10.00 96.00 106.00 OK
r-oldrel-macos-arm64 1.0.5 53.00 OK
r-oldrel-macos-x86_64 1.0.5 92.00 OK
r-oldrel-windows-x86_64 1.0.5 13.00 112.00 125.00 OK

Check Details

Version: 1.0.5
Check: package dependencies
Result: ERROR Packages required but not available: 'tibble', 'dplyr' Packages suggested but not available for checking: 'testthat', 'dtplyr', 'vctrs', 'RSQLite', 'dbplyr', 'dm' See section ‘The DESCRIPTION file’ in the ‘Writing R Extensions’ manual. Flavor: r-devel-linux-x86_64-debian-gcc

Version: 1.0.5
Check: Rd cross-references
Result: NOTE Undeclared package ‘htmlwidgets’ in Rd xrefs Flavor: r-devel-linux-x86_64-fedora-clang