Last updated on 2021-04-12 07:47:03 CEST.
Flavor | Version | Tinstall | Tcheck | Ttotal | Status | Flags |
---|---|---|---|---|---|---|
r-devel-linux-x86_64-debian-clang | 0.1.8 | 7.26 | 58.69 | 65.95 | OK | |
r-devel-linux-x86_64-debian-gcc | 0.1.8 | 5.33 | 43.42 | 48.75 | OK | |
r-devel-linux-x86_64-fedora-clang | 0.1.8 | 86.17 | NOTE | |||
r-devel-linux-x86_64-fedora-gcc | 0.1.8 | 73.04 | NOTE | |||
r-devel-windows-ix86+x86_64 | 0.1.8 | 23.00 | 82.00 | 105.00 | OK | |
r-devel-windows-x86_64-gcc10-UCRT | 0.1.8 | NOTE | ||||
r-patched-linux-x86_64 | 0.1.8 | 5.17 | 54.15 | 59.32 | OK | |
r-patched-solaris-x86 | 0.1.8 | 120.80 | NOTE | |||
r-release-linux-x86_64 | 0.1.8 | 4.16 | 54.12 | 58.28 | OK | |
r-release-macos-x86_64 | 0.1.8 | NOTE | ||||
r-release-windows-ix86+x86_64 | 0.1.8 | 13.00 | 66.00 | 79.00 | OK | |
r-oldrel-macos-x86_64 | 0.1.8 | NOTE | ||||
r-oldrel-windows-ix86+x86_64 | 0.1.8 | 14.00 | 78.00 | 92.00 | OK |
Version: 0.1.8
Check: dependencies in R code
Result: NOTE
Namespaces in Imports field not imported from:
‘dplyr’ ‘magrittr’ ‘tibble’
All declared Imports should be used.
Flavors: r-devel-linux-x86_64-fedora-clang, r-devel-linux-x86_64-fedora-gcc, r-devel-windows-x86_64-gcc10-UCRT, r-patched-solaris-x86, r-release-macos-x86_64, r-oldrel-macos-x86_64