Last updated on 2023-02-05 07:57:19 CET.
Flavor | Version | Tinstall | Tcheck | Ttotal | Status | Flags |
---|---|---|---|---|---|---|
r-devel-linux-x86_64-debian-clang | 0.1.2 | 8.82 | 89.49 | 98.31 | OK | |
r-devel-linux-x86_64-debian-gcc | 0.1.2 | 6.24 | 64.28 | 70.52 | OK | |
r-devel-linux-x86_64-fedora-clang | 0.1.2 | 119.30 | NOTE | |||
r-devel-linux-x86_64-fedora-gcc | 0.1.2 | 113.20 | NOTE | |||
r-devel-windows-x86_64 | 0.1.2 | 40.00 | 125.00 | 165.00 | OK | |
r-patched-linux-x86_64 | 0.1.2 | 9.93 | 82.62 | 92.55 | OK | |
r-release-linux-x86_64 | 0.1.2 | 6.90 | 85.73 | 92.63 | OK | |
r-release-macos-arm64 | 0.1.2 | 29.00 | NOTE | |||
r-release-macos-x86_64 | 0.1.2 | 47.00 | NOTE | |||
r-release-windows-x86_64 | 0.1.2 | 67.00 | 128.00 | 195.00 | OK | |
r-oldrel-macos-arm64 | 0.1.2 | 34.00 | NOTE | |||
r-oldrel-macos-x86_64 | 0.1.2 | 49.00 | NOTE | |||
r-oldrel-windows-ix86+x86_64 | 0.1.2 | 17.00 | 107.00 | 124.00 | OK |
Version: 0.1.2
Check: dependencies in R code
Result: NOTE
Namespace in Imports field not imported from: ‘R6’
All declared Imports should be used.
Flavors: r-devel-linux-x86_64-fedora-clang, r-devel-linux-x86_64-fedora-gcc, r-release-macos-arm64, r-release-macos-x86_64, r-oldrel-macos-arm64, r-oldrel-macos-x86_64