CRAN Package Check Results for Package ed50

Last updated on 2021-09-21 15:50:48 CEST.

Flavor Version Tinstall Tcheck Ttotal Status Flags
r-devel-linux-x86_64-debian-clang 0.1.1 3.06 30.00 33.06 OK
r-devel-linux-x86_64-debian-gcc 0.1.1 2.40 23.28 25.68 OK
r-devel-linux-x86_64-fedora-clang 0.1.1 48.42 OK
r-devel-linux-x86_64-fedora-gcc 0.1.1 37.62 OK
r-devel-windows-x86_64 0.1.1 4.00 33.00 37.00 OK
r-devel-windows-x86_64-gcc10-UCRT 0.1.1 ERROR
r-patched-linux-x86_64 0.1.1 2.88 29.58 32.46 OK
r-patched-solaris-x86 0.1.1 56.80 OK
r-release-linux-x86_64 0.1.1 2.36 29.06 31.42 OK
r-release-macos-arm64 0.1.1 OK
r-release-macos-x86_64 0.1.1 OK
r-release-windows-ix86+x86_64 0.1.1 7.00 35.00 42.00 OK
r-oldrel-macos-x86_64 0.1.1 OK
r-oldrel-windows-ix86+x86_64 0.1.1 6.00 34.00 40.00 OK

Check Details

Version: 0.1.1
Check: whether package can be installed
Result: WARN
    Found the following significant warnings:
     WARNING: installation-time patches will not be applied, could not get the patches index
Flavor: r-devel-windows-x86_64-gcc10-UCRT

Version: 0.1.1
Check: PDF version of manual
Result: WARN
    LaTeX errors when creating PDF version.
    This typically indicates Rd problems.
Flavor: r-devel-windows-x86_64-gcc10-UCRT

Version: 0.1.1
Check: PDF version of manual without hyperrefs or index
Result: ERROR
    Re-running with no redirection of stdout/stderr.
Flavor: r-devel-windows-x86_64-gcc10-UCRT