CRAN Package Check Results for Package ecospat

Last updated on 2021-04-14 19:47:04 CEST.

Flavor Version Tinstall Tcheck Ttotal Status Flags
r-devel-linux-x86_64-debian-clang 3.2 49.09 497.32 546.41 OK
r-devel-linux-x86_64-debian-gcc 3.2 41.59 372.13 413.72 OK
r-devel-linux-x86_64-fedora-clang 3.2 689.82 NOTE
r-devel-linux-x86_64-fedora-gcc 3.2 693.74 NOTE
r-devel-windows-ix86+x86_64 3.2 122.00 598.00 720.00 OK
r-devel-windows-x86_64-gcc10-UCRT 3.2 NOTE
r-patched-linux-x86_64 3.2 47.99 467.94 515.93 OK
r-patched-solaris-x86 3.2 853.40 NOTE
r-release-linux-x86_64 3.2 45.38 466.05 511.43 OK
r-release-macos-x86_64 3.2 NOTE
r-release-windows-ix86+x86_64 3.2 123.00 617.00 740.00 OK
r-oldrel-macos-x86_64 3.2 NOTE
r-oldrel-windows-ix86+x86_64 3.2 78.00 425.00 503.00 OK

Check Details

Version: 3.2
Check: package dependencies
Result: NOTE
    Imports includes 22 non-default packages.
    Importing from so many packages makes the package vulnerable to any of
    them becoming unavailable. Move as many as possible to Suggests and
    use conditionally.
Flavor: r-devel-linux-x86_64-fedora-clang

Version: 3.2
Check: dependencies in R code
Result: NOTE
    Namespace in Imports field not imported from: ‘maps’
     All declared Imports should be used.
Flavors: r-devel-linux-x86_64-fedora-clang, r-devel-linux-x86_64-fedora-gcc, r-devel-windows-x86_64-gcc10-UCRT, r-patched-solaris-x86, r-release-macos-x86_64, r-oldrel-macos-x86_64