CRAN Package Check Results for Package ecce

Last updated on 2021-06-13 19:49:32 CEST.

Flavor Version Tinstall Tcheck Ttotal Status Flags
r-devel-linux-x86_64-debian-clang 1.0.7 1.80 25.06 26.86 NOTE
r-devel-linux-x86_64-debian-gcc 1.0.7 1.21 19.77 20.98 NOTE
r-devel-linux-x86_64-fedora-clang 1.0.7 41.71 NOTE
r-devel-linux-x86_64-fedora-gcc 1.0.7 31.30 NOTE
r-devel-windows-x86_64 1.0.7 7.00 50.00 57.00 NOTE
r-devel-windows-x86_64-gcc10-UCRT 1.0.7 NOTE
r-patched-linux-x86_64 1.0.7 1.96 24.45 26.41 NOTE
r-patched-solaris-x86 1.0.7 49.80 NOTE
r-release-linux-x86_64 1.0.7 1.91 24.32 26.23 NOTE
r-release-macos-arm64 1.0.7 NOTE
r-release-macos-x86_64 1.0.7 NOTE
r-release-windows-ix86+x86_64 1.0.7 4.00 51.00 55.00 NOTE
r-oldrel-macos-x86_64 1.0.7 OK
r-oldrel-windows-ix86+x86_64 1.0.7 4.00 52.00 56.00 OK

Check Details

Version: 1.0.7
Check: LazyData
Result: NOTE
     'LazyData' is specified without a 'data' directory
Flavors: r-devel-linux-x86_64-debian-clang, r-devel-linux-x86_64-debian-gcc, r-devel-linux-x86_64-fedora-clang, r-devel-linux-x86_64-fedora-gcc, r-devel-windows-x86_64, r-devel-windows-x86_64-gcc10-UCRT, r-patched-linux-x86_64, r-patched-solaris-x86, r-release-linux-x86_64, r-release-macos-arm64, r-release-macos-x86_64, r-release-windows-ix86+x86_64