CRAN Package Check Results for Package eat

Last updated on 2021-12-08 03:58:18 CET.

Flavor Version Tinstall Tcheck Ttotal Status Flags
r-devel-linux-x86_64-debian-clang 0.1.0 14.59 135.62 150.21 OK
r-devel-linux-x86_64-debian-gcc 0.1.0 10.27 101.72 111.99 OK
r-devel-linux-x86_64-fedora-clang 0.1.0 184.05 NOTE
r-devel-linux-x86_64-fedora-gcc 0.1.0 168.81 NOTE
r-devel-windows-x86_64-new-UL 0.1.0 27.00 179.00 206.00 OK
r-devel-windows-x86_64-new-TK 0.1.0 NOTE
r-devel-windows-x86_64-old 0.1.0 23.00 155.00 178.00 OK
r-patched-linux-x86_64 0.1.0 14.97 128.32 143.29 OK
r-release-linux-x86_64 0.1.0 12.17 128.70 140.87 OK
r-release-macos-arm64 0.1.0 NOTE
r-release-macos-x86_64 0.1.0 NOTE
r-release-windows-ix86+x86_64 0.1.0 20.00 169.00 189.00 OK
r-oldrel-macos-x86_64 0.1.0 NOTE
r-oldrel-windows-ix86+x86_64 0.1.0 31.00 162.00 193.00 OK

Check Details

Version: 0.1.0
Check: dependencies in R code
Result: NOTE
    Namespace in Imports field not imported from: ‘knitr’
     All declared Imports should be used.
Flavors: r-devel-linux-x86_64-fedora-clang, r-devel-linux-x86_64-fedora-gcc, r-devel-windows-x86_64-new-TK, r-release-macos-arm64, r-release-macos-x86_64, r-oldrel-macos-x86_64