Last updated on 2022-05-19 15:53:16 CEST.
Flavor | Version | Tinstall | Tcheck | Ttotal | Status | Flags |
---|---|---|---|---|---|---|
r-devel-linux-x86_64-debian-clang | 0.2.4 | 13.90 | 115.14 | 129.04 | OK | |
r-devel-linux-x86_64-debian-gcc | 0.2.4 | 8.32 | 84.79 | 93.11 | OK | |
r-devel-linux-x86_64-fedora-clang | 0.2.4 | 149.93 | OK | |||
r-devel-linux-x86_64-fedora-gcc | 0.2.4 | 151.23 | OK | |||
r-devel-windows-x86_64 | 0.2.4 | 28.00 | 148.00 | 176.00 | OK | |
r-patched-linux-x86_64 | 0.2.4 | 9.08 | 106.46 | 115.54 | OK | |
r-release-linux-x86_64 | 0.2.4 | 7.28 | 105.62 | 112.90 | OK | |
r-release-macos-arm64 | 0.2.4 | 42.00 | NOTE | |||
r-release-macos-x86_64 | 0.2.4 | 64.00 | OK | |||
r-release-windows-x86_64 | 0.2.4 | 33.00 | 145.00 | 178.00 | OK | |
r-oldrel-macos-arm64 | 0.2.4 | 49.00 | OK | |||
r-oldrel-macos-x86_64 | 0.2.4 | 54.00 | NOTE | |||
r-oldrel-windows-ix86+x86_64 | 0.2.4 | 26.00 | 121.00 | 147.00 | OK |
Version: 0.2.4
Check: package dependencies
Result: NOTE
Packages suggested but not available for checking:
'AnnotationDbi', 'org.Hs.eg.db', 'qvalue'
Flavor: r-release-macos-arm64
Version: 0.2.4
Check: Rd cross-references
Result: NOTE
Package unavailable to check Rd xrefs: ‘AnnotationDbi’
Flavor: r-release-macos-arm64
Version: 0.2.4
Check: package dependencies
Result: NOTE
Package suggested but not available for checking: ‘org.Hs.eg.db’
Flavor: r-oldrel-macos-x86_64