Last updated on 2021-03-06 19:49:18 CET.
Flavor | Version | Tinstall | Tcheck | Ttotal | Status | Flags |
---|---|---|---|---|---|---|
r-devel-linux-x86_64-debian-clang | 0.3.0 | 15.49 | 414.25 | 429.74 | OK | |
r-devel-linux-x86_64-debian-gcc | 0.3.0 | 13.38 | 300.61 | 313.99 | OK | |
r-devel-linux-x86_64-fedora-clang | 0.3.0 | 495.49 | NOTE | |||
r-devel-linux-x86_64-fedora-gcc | 0.3.0 | 479.88 | NOTE | |||
r-devel-windows-ix86+x86_64 | 0.3.0 | 35.00 | 470.00 | 505.00 | OK | |
r-patched-linux-x86_64 | 0.3.0 | OK | ||||
r-patched-solaris-x86 | 0.3.0 | 650.30 | NOTE | |||
r-release-linux-x86_64 | 0.3.0 | 16.34 | 392.45 | 408.79 | OK | |
r-release-macos-x86_64 | 0.3.0 | NOTE | ||||
r-release-windows-ix86+x86_64 | 0.3.0 | 25.00 | 353.00 | 378.00 | OK | |
r-oldrel-macos-x86_64 | 0.3.0 | NOTE | ||||
r-oldrel-windows-ix86+x86_64 | 0.3.0 | 20.00 | 369.00 | 389.00 | OK |
Version: 0.3.0
Check: dependencies in R code
Result: NOTE
Namespace in Imports field not imported from: ‘progress’
All declared Imports should be used.
Flavors: r-devel-linux-x86_64-fedora-clang, r-devel-linux-x86_64-fedora-gcc, r-patched-solaris-x86, r-release-macos-x86_64, r-oldrel-macos-x86_64