CRAN Package Check Results for Package earlyR

Last updated on 2021-06-22 11:49:49 CEST.

Flavor Version Tinstall Tcheck Ttotal Status Flags
r-devel-linux-x86_64-debian-clang 0.0.5 4.16 67.06 71.22 NOTE
r-devel-linux-x86_64-debian-gcc 0.0.5 3.37 50.06 53.43 NOTE
r-devel-linux-x86_64-fedora-clang 0.0.5 94.36 NOTE
r-devel-linux-x86_64-fedora-gcc 0.0.5 83.22 NOTE
r-devel-windows-x86_64 0.0.5 8.00 84.00 92.00 NOTE
r-devel-windows-x86_64-gcc10-UCRT 0.0.5 NOTE
r-patched-linux-x86_64 0.0.5 4.41 62.54 66.95 NOTE
r-patched-solaris-x86 0.0.5 121.10 NOTE
r-release-linux-x86_64 0.0.5 3.68 63.84 67.52 NOTE
r-release-macos-arm64 0.0.5 NOTE
r-release-macos-x86_64 0.0.5 NOTE
r-release-windows-ix86+x86_64 0.0.5 13.00 91.00 104.00 NOTE
r-oldrel-macos-x86_64 0.0.5 OK

Check Details

Version: 0.0.5
Check: LazyData
Result: NOTE
     'LazyData' is specified without a 'data' directory
Flavors: r-devel-linux-x86_64-debian-clang, r-devel-linux-x86_64-debian-gcc, r-devel-linux-x86_64-fedora-clang, r-devel-linux-x86_64-fedora-gcc, r-devel-windows-x86_64, r-devel-windows-x86_64-gcc10-UCRT, r-patched-linux-x86_64, r-patched-solaris-x86, r-release-linux-x86_64, r-release-macos-arm64, r-release-macos-x86_64, r-release-windows-ix86+x86_64

Version: 0.0.5
Check: package dependencies
Result: NOTE
    Package suggested but not available for checking: 'covr'
Flavor: r-devel-windows-x86_64-gcc10-UCRT