CRAN Package Check Results for Package eList

Last updated on 2021-06-17 15:49:04 CEST.

Flavor Version Tinstall Tcheck Ttotal Status Flags
r-devel-linux-x86_64-debian-clang 0.2.0 2.97 27.49 30.46 NOTE
r-devel-linux-x86_64-debian-gcc 0.2.0 2.12 21.44 23.56 NOTE
r-devel-linux-x86_64-fedora-clang 0.2.0 44.97 NOTE
r-devel-linux-x86_64-fedora-gcc 0.2.0 35.50 NOTE
r-devel-windows-x86_64 0.2.0 5.00 34.00 39.00 NOTE
r-devel-windows-x86_64-gcc10-UCRT 0.2.0 NOTE
r-patched-linux-x86_64 0.2.0 3.05 26.66 29.71 NOTE
r-patched-solaris-x86 0.2.0 56.00 NOTE
r-release-linux-x86_64 0.2.0 2.90 26.70 29.60 NOTE
r-release-macos-arm64 0.2.0 NOTE
r-release-macos-x86_64 0.2.0 NOTE
r-release-windows-ix86+x86_64 0.2.0 7.00 43.00 50.00 NOTE
r-oldrel-macos-x86_64 0.2.0 OK
r-oldrel-windows-ix86+x86_64 0.2.0 6.00 41.00 47.00 OK

Check Details

Version: 0.2.0
Check: LazyData
Result: NOTE
     'LazyData' is specified without a 'data' directory
Flavors: r-devel-linux-x86_64-debian-clang, r-devel-linux-x86_64-debian-gcc, r-devel-linux-x86_64-fedora-clang, r-devel-linux-x86_64-fedora-gcc, r-devel-windows-x86_64, r-devel-windows-x86_64-gcc10-UCRT, r-patched-linux-x86_64, r-patched-solaris-x86, r-release-linux-x86_64, r-release-macos-arm64, r-release-macos-x86_64, r-release-windows-ix86+x86_64