CRAN Package Check Results for Package eFRED

Last updated on 2021-06-19 23:49:17 CEST.

Flavor Version Tinstall Tcheck Ttotal Status Flags
r-devel-linux-x86_64-debian-clang 0.1.0 2.90 30.64 33.54 OK
r-devel-linux-x86_64-debian-gcc 0.1.0 2.33 24.06 26.39 OK
r-devel-linux-x86_64-fedora-clang 0.1.0 49.98 NOTE
r-devel-linux-x86_64-fedora-gcc 0.1.0 39.85 NOTE
r-devel-windows-x86_64 0.1.0 6.00 51.00 57.00 OK
r-devel-windows-x86_64-gcc10-UCRT 0.1.0 NOTE
r-patched-linux-x86_64 0.1.0 3.59 29.81 33.40 OK
r-patched-solaris-x86 0.1.0 60.00 NOTE
r-release-linux-x86_64 0.1.0 2.71 29.68 32.39 OK
r-release-macos-arm64 0.1.0 NOTE
r-release-macos-x86_64 0.1.0 NOTE
r-release-windows-ix86+x86_64 0.1.0 7.00 51.00 58.00 OK
r-oldrel-macos-x86_64 0.1.0 NOTE
r-oldrel-windows-ix86+x86_64 0.1.0 5.00 53.00 58.00 OK

Check Details

Version: 0.1.0
Check: data for non-ASCII characters
Result: NOTE
     Note: found 24 marked UTF-8 strings
Flavors: r-devel-linux-x86_64-fedora-clang, r-devel-linux-x86_64-fedora-gcc, r-devel-windows-x86_64-gcc10-UCRT, r-patched-solaris-x86, r-release-macos-arm64, r-release-macos-x86_64, r-oldrel-macos-x86_64