CRAN Package Check Results for Package dynsurv

Last updated on 2021-02-25 19:46:33 CET.

Flavor Version Tinstall Tcheck Ttotal Status Flags
r-devel-linux-x86_64-debian-clang 0.4-2 42.30 92.32 134.62 OK
r-devel-linux-x86_64-debian-gcc 0.4-2 30.82 69.09 99.91 OK
r-devel-linux-x86_64-fedora-clang 0.4-2 187.39 NOTE
r-devel-linux-x86_64-fedora-gcc 0.4-2 157.99 OK
r-devel-windows-ix86+x86_64 0.4-2 60.00 120.00 180.00 OK
r-patched-linux-x86_64 0.4-2 33.98 84.09 118.07 OK
r-patched-solaris-x86 0.4-2 215.80 OK
r-release-linux-x86_64 0.4-2 35.74 84.74 120.48 OK
r-release-macos-x86_64 0.4-2 NOTE
r-release-windows-ix86+x86_64 0.4-2 83.00 159.00 242.00 OK
r-oldrel-macos-x86_64 0.4-2 NOTE
r-oldrel-windows-ix86+x86_64 0.4-2 58.00 149.00 207.00 OK

Check Details

Version: 0.4-2
Check: installed package size
Result: NOTE
     installed size is 6.4Mb
     sub-directories of 1Mb or more:
     libs 6.2Mb
Flavors: r-devel-linux-x86_64-fedora-clang, r-release-macos-x86_64, r-oldrel-macos-x86_64