CRAN Package Check Results for Package dynparam

Last updated on 2024-06-13 00:55:12 CEST.

Flavor Version Tinstall Tcheck Ttotal Status Flags
r-devel-linux-x86_64-debian-clang 1.0.2 11.99 104.76 116.75 NOTE
r-devel-linux-x86_64-debian-gcc 1.0.2 0.42 1.72 2.14 ERROR
r-devel-linux-x86_64-fedora-clang 1.0.2 153.36 NOTE
r-devel-linux-x86_64-fedora-gcc 1.0.2 134.45 NOTE
r-devel-windows-x86_64 1.0.2 10.00 89.00 99.00 NOTE
r-patched-linux-x86_64 1.0.2 9.06 101.15 110.21 NOTE
r-release-linux-x86_64 1.0.2 9.18 100.49 109.67 NOTE
r-release-macos-arm64 1.0.2 44.00 NOTE
r-release-macos-x86_64 1.0.2 66.00 NOTE
r-release-windows-x86_64 1.0.2 12.00 91.00 103.00 NOTE
r-oldrel-macos-arm64 1.0.2 46.00 NOTE
r-oldrel-macos-x86_64 1.0.2 76.00 NOTE
r-oldrel-windows-x86_64 1.0.2 13.00 110.00 123.00 NOTE

Check Details

Version: 1.0.2
Check: LazyData
Result: NOTE 'LazyData' is specified without a 'data' directory Flavors: r-devel-linux-x86_64-debian-clang, r-devel-linux-x86_64-fedora-clang, r-devel-linux-x86_64-fedora-gcc, r-devel-windows-x86_64, r-patched-linux-x86_64, r-release-linux-x86_64, r-release-macos-arm64, r-release-macos-x86_64, r-release-windows-x86_64, r-oldrel-macos-arm64, r-oldrel-macos-x86_64, r-oldrel-windows-x86_64

Version: 1.0.2
Check: package dependencies
Result: ERROR Packages required but not available: 'dplyr', 'dynutils', 'purrr', 'stringr', 'tibble', 'tidyr' Package suggested but not available for checking: ‘testthat’ See section ‘The DESCRIPTION file’ in the ‘Writing R Extensions’ manual. Flavor: r-devel-linux-x86_64-debian-gcc