CRAN Package Check Results for Package dynlm

Last updated on 2021-01-23 11:48:11 CET.

Flavor Version Tinstall Tcheck Ttotal Status Flags
r-devel-linux-x86_64-debian-clang 0.3-6 5.37 48.93 54.30 OK
r-devel-linux-x86_64-debian-gcc 0.3-6 4.85 36.81 41.66 OK
r-devel-linux-x86_64-fedora-clang 0.3-6 75.61 OK
r-devel-linux-x86_64-fedora-gcc 0.3-6 62.91 OK
r-devel-windows-ix86+x86_64 0.3-6 14.00 70.00 84.00 OK
r-patched-linux-x86_64 0.3-6 5.54 45.60 51.14 OK
r-patched-solaris-x86 0.3-6 98.70 OK
r-release-linux-x86_64 0.3-6 5.20 46.28 51.48 OK
r-release-macos-x86_64 0.3-6 NOTE
r-release-windows-ix86+x86_64 0.3-6 37.00 67.00 104.00 OK
r-oldrel-macos-x86_64 0.3-6 OK
r-oldrel-windows-ix86+x86_64 0.3-6 9.00 63.00 72.00 OK

Check Details

Version: 0.3-6
Check: package dependencies
Result: NOTE
    Package suggested but not available for checking: ‘TSA’
Flavor: r-release-macos-x86_64