Last updated on 2022-06-28 15:53:15 CEST.
Flavor | Version | Tinstall | Tcheck | Ttotal | Status | Flags |
---|---|---|---|---|---|---|
r-devel-linux-x86_64-debian-clang | 2.0.2 | 43.74 | 379.41 | 423.15 | OK | |
r-devel-linux-x86_64-debian-gcc | 2.0.2 | 32.69 | 276.18 | 308.87 | OK | |
r-devel-linux-x86_64-fedora-clang | 2.0.2 | 491.54 | WARN | |||
r-devel-linux-x86_64-fedora-gcc | 2.0.2 | 517.57 | WARN | |||
r-devel-windows-x86_64 | 2.0.2 | 47.00 | 638.00 | 685.00 | OK | |
r-patched-linux-x86_64 | 2.0.2 | 37.86 | 367.03 | 404.89 | OK | |
r-release-linux-x86_64 | 2.0.2 | 32.53 | 357.90 | 390.43 | OK | |
r-release-macos-arm64 | 2.0.2 | 197.00 | OK | |||
r-release-macos-x86_64 | 2.0.2 | 325.00 | OK | |||
r-release-windows-x86_64 | 2.0.2 | 49.00 | 630.00 | 679.00 | OK | |
r-oldrel-macos-arm64 | 2.0.2 | 141.00 | OK | |||
r-oldrel-macos-x86_64 | 2.0.2 | 262.00 | OK | |||
r-oldrel-windows-ix86+x86_64 | 2.0.2 | 86.00 | 682.00 | 768.00 | OK |
Version: 2.0.2
Check: package dependencies
Result: WARN
Requires (indirectly) orphaned package: ‘gtools’
Flavors: r-devel-linux-x86_64-fedora-clang, r-devel-linux-x86_64-fedora-gcc