Last updated on 2023-04-01 11:51:25 CEST.
Flavor | Version | Tinstall | Tcheck | Ttotal | Status | Flags |
---|---|---|---|---|---|---|
r-devel-linux-x86_64-debian-clang | 0.7.1-1 | 2552.14 | 80.63 | 2632.77 | OK | |
r-devel-linux-x86_64-debian-gcc | 0.7.1-1 | 2072.99 | 61.82 | 2134.81 | OK | |
r-devel-linux-x86_64-fedora-clang | 0.7.1-1 | 3326.25 | NOTE | |||
r-devel-linux-x86_64-fedora-gcc | 0.7.1-1 | 3823.42 | OK | |||
r-devel-windows-x86_64 | 0.7.1-1 | 1854.00 | 420.00 | 2274.00 | NOTE | |
r-patched-linux-x86_64 | 0.7.1-1 | 2194.36 | 78.69 | 2273.05 | OK | |
r-release-linux-x86_64 | 0.7.1-1 | 2215.33 | 80.82 | 2296.15 | OK | |
r-release-macos-arm64 | 0.7.1-1 | 699.00 | NOTE | |||
r-release-macos-x86_64 | 0.7.1-1 | 992.00 | NOTE | |||
r-release-windows-x86_64 | 0.7.1-1 | 7429.00 | 381.00 | 7810.00 | NOTE | |
r-oldrel-macos-arm64 | 0.7.1-1 | 705.00 | NOTE | |||
r-oldrel-macos-x86_64 | 0.7.1-1 | 993.00 | NOTE | |||
r-oldrel-windows-ix86+x86_64 | 0.7.1-1 | 5497.00 | 315.00 | 5812.00 | NOTE |
Version: 0.7.1-1
Check: installed package size
Result: NOTE
installed size is 35.6Mb
sub-directories of 1Mb or more:
libs 35.0Mb
Flavors: r-devel-linux-x86_64-fedora-clang, r-devel-windows-x86_64, r-release-macos-arm64, r-release-macos-x86_64, r-release-windows-x86_64, r-oldrel-macos-arm64, r-oldrel-macos-x86_64, r-oldrel-windows-ix86+x86_64