CRAN Package Check Results for Package dtree

Last updated on 2021-06-18 19:50:46 CEST.

Flavor Version Tinstall Tcheck Ttotal Status Flags
r-devel-linux-x86_64-debian-clang 0.4.2 17.75 136.58 154.33 NOTE
r-devel-linux-x86_64-debian-gcc 0.4.2 13.33 99.13 112.46 NOTE
r-devel-linux-x86_64-fedora-clang 0.4.2 187.42 NOTE
r-devel-linux-x86_64-fedora-gcc 0.4.2 172.76 NOTE
r-devel-windows-x86_64 0.4.2 25.00 152.00 177.00 NOTE
r-devel-windows-x86_64-gcc10-UCRT 0.4.2 NOTE
r-patched-linux-x86_64 0.4.2 13.97 125.29 139.26 NOTE
r-patched-solaris-x86 0.4.2 255.30 NOTE
r-release-linux-x86_64 0.4.2 16.73 125.39 142.12 NOTE
r-release-macos-arm64 0.4.2 NOTE
r-release-macos-x86_64 0.4.2 NOTE
r-release-windows-ix86+x86_64 0.4.2 37.00 147.00 184.00 NOTE
r-oldrel-macos-x86_64 0.4.2 OK
r-oldrel-windows-ix86+x86_64 0.4.2 27.00 154.00 181.00 OK

Check Details

Version: 0.4.2
Check: LazyData
Result: NOTE
     'LazyData' is specified without a 'data' directory
Flavors: r-devel-linux-x86_64-debian-clang, r-devel-linux-x86_64-debian-gcc, r-devel-linux-x86_64-fedora-clang, r-devel-linux-x86_64-fedora-gcc, r-devel-windows-x86_64, r-devel-windows-x86_64-gcc10-UCRT, r-patched-linux-x86_64, r-patched-solaris-x86, r-release-linux-x86_64, r-release-macos-arm64, r-release-macos-x86_64, r-release-windows-ix86+x86_64