Last updated on 2023-01-29 07:56:01 CET.
Flavor | Version | Tinstall | Tcheck | Ttotal | Status | Flags |
---|---|---|---|---|---|---|
r-devel-linux-x86_64-debian-clang | 0.2.4 | 9.08 | 249.68 | 258.76 | OK | |
r-devel-linux-x86_64-debian-gcc | 0.2.4 | 7.64 | 184.46 | 192.10 | OK | |
r-devel-linux-x86_64-fedora-clang | 0.2.4 | 343.71 | NOTE | |||
r-devel-linux-x86_64-fedora-gcc | 0.2.4 | 341.18 | OK | |||
r-devel-windows-x86_64 | 0.2.4 | 75.00 | 308.00 | 383.00 | OK | |
r-patched-linux-x86_64 | 0.2.4 | 9.16 | 235.30 | 244.46 | OK | |
r-release-linux-x86_64 | 0.2.4 | 7.97 | 215.46 | 223.43 | OK | |
r-release-macos-arm64 | 0.2.4 | 86.00 | OK | |||
r-release-macos-x86_64 | 0.2.4 | 106.00 | OK | |||
r-release-windows-x86_64 | 0.2.4 | 67.00 | 281.00 | 348.00 | OK | |
r-oldrel-macos-arm64 | 0.2.4 | 89.00 | OK | |||
r-oldrel-macos-x86_64 | 0.2.4 | 117.00 | OK | |||
r-oldrel-windows-ix86+x86_64 | 0.2.4 | 24.00 | 321.00 | 345.00 | OK |
Version: 0.2.4
Check: Rd cross-references
Result: NOTE
Undeclared package ‘vctrs’ in Rd xrefs
Flavor: r-devel-linux-x86_64-fedora-clang