CRAN Package Check Results for Package dssd

Last updated on 2021-06-13 03:48:07 CEST.

Flavor Version Tinstall Tcheck Ttotal Status Flags
r-devel-linux-x86_64-debian-clang 0.2.2 15.08 118.39 133.47 NOTE
r-devel-linux-x86_64-debian-gcc 0.2.2 10.78 87.95 98.73 NOTE
r-devel-linux-x86_64-fedora-clang 0.2.2 171.84 NOTE
r-devel-linux-x86_64-fedora-gcc 0.2.2 161.71 NOTE
r-devel-windows-x86_64 0.2.2 21.00 133.00 154.00 NOTE
r-devel-windows-x86_64-gcc10-UCRT 0.2.2 ERROR
r-patched-linux-x86_64 0.2.2 13.07 113.45 126.52 NOTE
r-patched-solaris-x86 0.2.2 225.60 NOTE
r-release-linux-x86_64 0.2.2 15.21 113.90 129.11 NOTE
r-release-macos-arm64 0.2.2 NOTE
r-release-macos-x86_64 0.2.2 NOTE
r-release-windows-ix86+x86_64 0.2.2 25.00 124.00 149.00 NOTE
r-oldrel-macos-x86_64 0.2.2 OK
r-oldrel-windows-ix86+x86_64 0.2.2 30.00 134.00 164.00 OK

Check Details

Version: 0.2.2
Check: LazyData
Result: NOTE
     'LazyData' is specified without a 'data' directory
Flavors: r-devel-linux-x86_64-debian-clang, r-devel-linux-x86_64-debian-gcc, r-devel-linux-x86_64-fedora-clang, r-devel-linux-x86_64-fedora-gcc, r-devel-windows-x86_64, r-patched-linux-x86_64, r-patched-solaris-x86, r-release-linux-x86_64, r-release-macos-arm64, r-release-macos-x86_64, r-release-windows-ix86+x86_64

Version: 0.2.2
Check: package dependencies
Result: ERROR
    Package required but not available: 'sf'
    
    See section 'The DESCRIPTION file' in the 'Writing R Extensions'
    manual.
Flavor: r-devel-windows-x86_64-gcc10-UCRT