CRAN Package Check Results for Package dsfa

Last updated on 2023-03-20 11:53:44 CET.

Flavor Version Tinstall Tcheck Ttotal Status Flags
r-devel-linux-x86_64-debian-clang 2.0.0 OK
r-devel-linux-x86_64-debian-gcc 2.0.0 287.25 68.53 355.78 WARN
r-devel-linux-x86_64-fedora-clang 2.0.0 462.32 OK
r-devel-linux-x86_64-fedora-gcc 2.0.0 570.36 WARN
r-devel-windows-x86_64 2.0.0 228.00 127.00 355.00 OK
r-patched-linux-x86_64 2.0.0 298.05 62.11 360.16 OK
r-release-linux-x86_64 2.0.0 291.01 65.68 356.69 OK
r-release-macos-arm64 2.0.0 135.00 ERROR
r-release-macos-x86_64 2.0.0 179.00 ERROR
r-release-windows-x86_64 2.0.0 251.00 122.00 373.00 OK
r-oldrel-macos-arm64 2.0.0 125.00 ERROR
r-oldrel-macos-x86_64 2.0.0 175.00 ERROR
r-oldrel-windows-ix86+x86_64 2.0.0 646.00 22.00 668.00 ERROR

Additional issues

gcc12

Check Details

Version: 2.0.0
Check: whether package can be installed
Result: WARN
    Found the following significant warnings:
     /usr/include/x86_64-linux-gnu/bits/string_fortified.h:59:33: warning: ‘void* __builtin_memset(void*, int, long unsigned int)’ forming offset [112, 115] is out of the bounds [0, 112] of object ‘i_end’ with type ‘arma::uvec’ {aka ‘arma::Col<unsigned int>’} [-Warray-bounds]
    See ‘/home/hornik/tmp/R.check/r-devel-gcc/Work/PKGS/dsfa.Rcheck/00install.out’ for details.
    * used C++ compiler: ‘g++-12 (Debian 12.2.0-14) 12.2.0’
Flavor: r-devel-linux-x86_64-debian-gcc

Version: 2.0.0
Check: whether package can be installed
Result: WARN
    Found the following significant warnings:
     /usr/include/bits/string_fortified.h:59:33: warning: ‘void* __builtin_memset(void*, int, long unsigned int)’ forming offset [112, 115] is out of the bounds [0, 112] of object ‘i_end’ with type ‘arma::uvec’ {aka ‘arma::Col<unsigned int>’} [-Warray-bounds]
    See ‘/data/gannet/ripley/R/packages/tests-devel/dsfa.Rcheck/00install.out’ for details.
    * used C++ compiler: ‘g++ (GCC) 12.2.1 20221121 (Red Hat 12.2.1-4)’
Flavor: r-devel-linux-x86_64-fedora-gcc

Version: 2.0.0
Check: installed package size
Result: NOTE
     installed size is 66.8Mb
     sub-directories of 1Mb or more:
     libs 66.3Mb
Flavors: r-release-macos-arm64, r-release-macos-x86_64, r-oldrel-macos-arm64, r-oldrel-macos-x86_64

Version: 2.0.0
Check: PDF version of manual
Result: WARN
    LaTeX errors when creating PDF version.
    This typically indicates Rd problems.
    LaTeX errors found:
    ! Undefined control sequence.
    <argument> f:\mathbb
     {R}^K \to \mathbb {R}^L, (x_{n1},x_{n2},...,x_{nK}) \ma...
    l.2282 ...) \mapsto f(x_{n1},x_{n2},...,x_{nK})}{}
     be differentiable up to o...
    ! Undefined control sequence.
    <argument> f:\mathbb {R}^K \to \mathbb
     {R}^L, (x_{n1},x_{n2},...,x_{nK}) \ma...
    l.2282 ...) \mapsto f(x_{n1},x_{n2},...,x_{nK})}{}
     be differentiable up to o...
Flavors: r-release-macos-arm64, r-release-macos-x86_64

Version: 2.0.0
Check: PDF version of manual without index
Result: ERROR
Flavors: r-release-macos-arm64, r-release-macos-x86_64

Version: 2.0.0
Check: PDF version of manual
Result: WARN
    LaTeX errors when creating PDF version.
    This typically indicates Rd problems.
    LaTeX errors found:
    ! Undefined control sequence.
    <argument> f:\mathbb
     {R}^K \to \mathbb {R}^L, (x_{n1},x_{n2},...,x_{nK}) \ma...
    l.2280 ...) \mapsto f(x_{n1},x_{n2},...,x_{nK})}{}
     be differentiable up to o...
    ! Undefined control sequence.
    <argument> f:\mathbb {R}^K \to \mathbb
     {R}^L, (x_{n1},x_{n2},...,x_{nK}) \ma...
    l.2280 ...) \mapsto f(x_{n1},x_{n2},...,x_{nK})}{}
     be differentiable up to o...
Flavors: r-oldrel-macos-arm64, r-oldrel-macos-x86_64

Version: 2.0.0
Check: PDF version of manual without hyperrefs or index
Result: ERROR
Flavors: r-oldrel-macos-arm64, r-oldrel-macos-x86_64

Version: 2.0.0
Check: whether package can be installed
Result: ERROR
    Installation failed.
Flavor: r-oldrel-windows-ix86+x86_64