CRAN Package Check Results for Package dse

Last updated on 2021-01-20 03:48:03 CET.

Flavor Version Tinstall Tcheck Ttotal Status Flags
r-devel-linux-x86_64-debian-clang 2020.2-1 18.51 117.60 136.11 OK
r-devel-linux-x86_64-debian-gcc 2020.2-1 12.53 87.54 100.07 OK
r-devel-linux-x86_64-fedora-clang 2020.2-1 166.23 NOTE
r-devel-linux-x86_64-fedora-gcc 2020.2-1 923.89 NOTE
r-devel-windows-ix86+x86_64 2020.2-1 21.00 157.00 178.00 OK
r-patched-linux-x86_64 2020.2-1 16.29 109.15 125.44 OK
r-patched-solaris-x86 2020.2-1 198.50 OK
r-release-linux-x86_64 2020.2-1 15.34 109.62 124.96 OK
r-release-macos-x86_64 2020.2-1 OK
r-release-windows-ix86+x86_64 2020.2-1 25.00 164.00 189.00 OK
r-oldrel-macos-x86_64 2020.2-1 OK
r-oldrel-windows-ix86+x86_64 2020.2-1 22.00 132.00 154.00 OK

Check Details

Version: 2020.2-1
Check: Rd cross-references
Result: NOTE
    Undeclared package ‘EvalEst’ in Rd xrefs
Flavor: r-devel-linux-x86_64-fedora-clang

Version: 2020.2-1
Check: compiled code
Result: NOTE
    File ‘dse/libs/dse.so’:
     Found no calls to: ‘R_registerRoutines’, ‘R_useDynamicSymbols’
    
    It is good practice to register native routines and to disable symbol
    search.
    
    See ‘Writing portable packages’ in the ‘Writing R Extensions’ manual.
Flavors: r-devel-linux-x86_64-fedora-clang, r-devel-linux-x86_64-fedora-gcc