Last updated on 2022-05-18 03:53:36 CEST.
Flavor | Version | Tinstall | Tcheck | Ttotal | Status | Flags |
---|---|---|---|---|---|---|
r-devel-linux-x86_64-debian-clang | 0.0.4 | 15.43 | 143.02 | 158.45 | OK | |
r-devel-linux-x86_64-debian-gcc | 0.0.4 | 10.69 | 106.35 | 117.04 | OK | |
r-devel-linux-x86_64-fedora-clang | 0.0.4 | 185.33 | NOTE | |||
r-devel-linux-x86_64-fedora-gcc | 0.0.4 | 188.78 | OK | |||
r-devel-windows-x86_64 | 0.0.4 | 43.00 | 156.00 | 199.00 | OK | |
r-patched-linux-x86_64 | 0.0.4 | 13.19 | 132.42 | 145.61 | OK | |
r-release-linux-x86_64 | 0.0.4 | 11.83 | 132.52 | 144.35 | OK | |
r-release-macos-arm64 | 0.0.4 | 47.00 | OK | |||
r-release-macos-x86_64 | 0.0.4 | 106.00 | OK | |||
r-release-windows-x86_64 | 0.0.4 | 32.00 | 161.00 | 193.00 | OK | |
r-oldrel-macos-arm64 | 0.0.4 | 56.00 | OK | |||
r-oldrel-macos-x86_64 | 0.0.4 | 68.00 | OK | |||
r-oldrel-windows-ix86+x86_64 | 0.0.4 | 30.00 | 161.00 | 191.00 | OK |
Version: 0.0.4
Check: Rd cross-references
Result: NOTE
Undeclared package ‘data.table’ in Rd xrefs
Flavor: r-devel-linux-x86_64-fedora-clang